{"id":1641,"date":"2019-08-06T12:32:31","date_gmt":"2019-08-06T10:32:31","guid":{"rendered":"http:\/\/www.mfvostbevern.de\/?page_id=1641"},"modified":"2019-08-06T12:32:31","modified_gmt":"2019-08-06T10:32:31","slug":"anfliegen-2019","status":"publish","type":"page","link":"https:\/\/www.mfvostbevern.de\/?page_id=1641","title":{"rendered":"Anfliegen 2019"},"content":{"rendered":"<p>Leider war das Wetter in diesem Jahr nicht wirklich sch\u00f6n. Aber in unsrer H\u00fctte ist es auch gem\u00fctlich und geflogen sind wir auch \ud83d\ude42<\/p>\n<p>&nbsp;<\/p>\n<p>&nbsp;<\/p>\n\n\t\t<style type=\"text\/css\">\n\t\t\t#gallery-1 {\n\t\t\t\tmargin: auto;\n\t\t\t}\n\t\t\t#gallery-1 .gallery-item {\n\t\t\t\tfloat: left;\n\t\t\t\tmargin-top: 10px;\n\t\t\t\ttext-align: center;\n\t\t\t\twidth: 33%;\n\t\t\t}\n\t\t\t#gallery-1 img {\n\t\t\t\tborder: 2px solid #cfcfcf;\n\t\t\t}\n\t\t\t#gallery-1 .gallery-caption {\n\t\t\t\tmargin-left: 0;\n\t\t\t}\n\t\t\t\/* see gallery_shortcode() in wp-includes\/media.php *\/\n\t\t<\/style>\n\t\t<div id='gallery-1' class='gallery galleryid-1641 gallery-columns-3 gallery-size-thumbnail'><dl class='gallery-item'>\n\t\t\t<dt class='gallery-icon landscape'>\n\t\t\t\t<a href='https:\/\/www.mfvostbevern.de\/?attachment_id=1634'><img width=\"150\" height=\"113\" src=\"https:\/\/www.mfvostbevern.de\/wp-content\/uploads\/2019\/08\/P1010681.jpg\" class=\"attachment-thumbnail size-thumbnail\" alt=\"\" decoding=\"async\" loading=\"lazy\" \/><\/a>\n\t\t\t<\/dt><\/dl><dl class='gallery-item'>\n\t\t\t<dt class='gallery-icon landscape'>\n\t\t\t\t<a href='https:\/\/www.mfvostbevern.de\/?attachment_id=1636'><img width=\"150\" height=\"113\" src=\"https:\/\/www.mfvostbevern.de\/wp-content\/uploads\/2019\/08\/P1010683.jpg\" class=\"attachment-thumbnail size-thumbnail\" alt=\"\" decoding=\"async\" loading=\"lazy\" \/><\/a>\n\t\t\t<\/dt><\/dl><dl class='gallery-item'>\n\t\t\t<dt class='gallery-icon landscape'>\n\t\t\t\t<a href='https:\/\/www.mfvostbevern.de\/?attachment_id=1640'><img width=\"150\" height=\"113\" src=\"https:\/\/www.mfvostbevern.de\/wp-content\/uploads\/2019\/08\/P1010712.jpg\" class=\"attachment-thumbnail size-thumbnail\" alt=\"\" decoding=\"async\" loading=\"lazy\" \/><\/a>\n\t\t\t<\/dt><\/dl><br style=\"clear: both\" \/><dl class='gallery-item'>\n\t\t\t<dt class='gallery-icon landscape'>\n\t\t\t\t<a href='https:\/\/www.mfvostbevern.de\/?attachment_id=1638'><img width=\"150\" height=\"113\" src=\"https:\/\/www.mfvostbevern.de\/wp-content\/uploads\/2019\/08\/P1010686.jpg\" class=\"attachment-thumbnail size-thumbnail\" alt=\"\" decoding=\"async\" loading=\"lazy\" \/><\/a>\n\t\t\t<\/dt><\/dl><dl class='gallery-item'>\n\t\t\t<dt class='gallery-icon landscape'>\n\t\t\t\t<a href='https:\/\/www.mfvostbevern.de\/?attachment_id=1637'><img width=\"150\" height=\"113\" src=\"https:\/\/www.mfvostbevern.de\/wp-content\/uploads\/2019\/08\/P1010685.jpg\" class=\"attachment-thumbnail size-thumbnail\" alt=\"\" decoding=\"async\" loading=\"lazy\" \/><\/a>\n\t\t\t<\/dt><\/dl><dl class='gallery-item'>\n\t\t\t<dt class='gallery-icon landscape'>\n\t\t\t\t<a href='https:\/\/www.mfvostbevern.de\/?attachment_id=1635'><img width=\"150\" height=\"113\" src=\"https:\/\/www.mfvostbevern.de\/wp-content\/uploads\/2019\/08\/P1010682.jpg\" class=\"attachment-thumbnail size-thumbnail\" alt=\"\" decoding=\"async\" loading=\"lazy\" \/><\/a>\n\t\t\t<\/dt><\/dl><br style=\"clear: both\" \/><dl class='gallery-item'>\n\t\t\t<dt class='gallery-icon landscape'>\n\t\t\t\t<a href='https:\/\/www.mfvostbevern.de\/?attachment_id=1639'><img width=\"150\" height=\"113\" src=\"https:\/\/www.mfvostbevern.de\/wp-content\/uploads\/2019\/08\/P1010711.jpg\" class=\"attachment-thumbnail size-thumbnail\" alt=\"\" decoding=\"async\" loading=\"lazy\" \/><\/a>\n\t\t\t<\/dt><\/dl>\n\t\t\t<br style='clear: both' \/>\n\t\t<\/div>\n\n<p>&nbsp;<\/p>\n<p>&nbsp;<\/p>\n","protected":false},"excerpt":{"rendered":"<p>Leider war das Wetter in diesem Jahr nicht wirklich sch\u00f6n. Aber in unsrer H\u00fctte ist es auch gem\u00fctlich und geflogen sind wir auch \ud83d\ude42 &nbsp; &nbsp; &nbsp; &nbsp;<\/p>\n","protected":false},"author":7,"featured_media":0,"parent":9,"menu_order":0,"comment_status":"closed","ping_status":"closed","template":"","meta":[],"_links":{"self":[{"href":"https:\/\/www.mfvostbevern.de\/index.php?rest_route=\/wp\/v2\/pages\/1641"}],"collection":[{"href":"https:\/\/www.mfvostbevern.de\/index.php?rest_route=\/wp\/v2\/pages"}],"about":[{"href":"https:\/\/www.mfvostbevern.de\/index.php?rest_route=\/wp\/v2\/types\/page"}],"author":[{"embeddable":true,"href":"https:\/\/www.mfvostbevern.de\/index.php?rest_route=\/wp\/v2\/users\/7"}],"replies":[{"embeddable":true,"href":"https:\/\/www.mfvostbevern.de\/index.php?rest_route=%2Fwp%2Fv2%2Fcomments&post=1641"}],"version-history":[{"count":1,"href":"https:\/\/www.mfvostbevern.de\/index.php?rest_route=\/wp\/v2\/pages\/1641\/revisions"}],"predecessor-version":[{"id":1642,"href":"https:\/\/www.mfvostbevern.de\/index.php?rest_route=\/wp\/v2\/pages\/1641\/revisions\/1642"}],"up":[{"embeddable":true,"href":"https:\/\/www.mfvostbevern.de\/index.php?rest_route=\/wp\/v2\/pages\/9"}],"wp:attachment":[{"href":"https:\/\/www.mfvostbevern.de\/index.php?rest_route=%2Fwp%2Fv2%2Fmedia&parent=1641"}],"curies":[{"name":"wp","href":"https:\/\/api.w.org\/{rel}","templated":true}]}}

<p>Leider war das Wetter in diesem Jahr nicht wirklich schön. Aber in unsrer Hütte ist es auch gemütlich und geflogen sind wir auch 🙂</p>
<p>&nbsp;</p>
<p>&nbsp;</p>

		<style type="text/css">
			#gallery-1 {
				margin: auto;
			}
			#gallery-1 .gallery-item {
				float: left;
				margin-top: 10px;
				text-align: center;
				width: 33%;
			}
			#gallery-1 img {
				border: 2px solid #cfcfcf;
			}
			#gallery-1 .gallery-caption {
				margin-left: 0;
			}
			/* see gallery_shortcode() in wp-includes/media.php */
		</style>
		<div id='gallery-1' class='gallery galleryid-1641 gallery-columns-3 gallery-size-thumbnail'><dl class='gallery-item'>
			<dt class='gallery-icon landscape'>
				<a href='https://www.mfvostbevern.de/?attachment_id=1634'><img width="150" height="113" src="https://www.mfvostbevern.de/wp-content/uploads/2019/08/P1010681.jpg" class="attachment-thumbnail size-thumbnail" alt="" decoding="async" loading="lazy" /></a>
			</dt></dl><dl class='gallery-item'>
			<dt class='gallery-icon landscape'>
				<a href='https://www.mfvostbevern.de/?attachment_id=1636'><img width="150" height="113" src="https://www.mfvostbevern.de/wp-content/uploads/2019/08/P1010683.jpg" class="attachment-thumbnail size-thumbnail" alt="" decoding="async" loading="lazy" /></a>
			</dt></dl><dl class='gallery-item'>
			<dt class='gallery-icon landscape'>
				<a href='https://www.mfvostbevern.de/?attachment_id=1640'><img width="150" height="113" src="https://www.mfvostbevern.de/wp-content/uploads/2019/08/P1010712.jpg" class="attachment-thumbnail size-thumbnail" alt="" decoding="async" loading="lazy" /></a>
			</dt></dl><br style="clear: both" /><dl class='gallery-item'>
			<dt class='gallery-icon landscape'>
				<a href='https://www.mfvostbevern.de/?attachment_id=1638'><img width="150" height="113" src="https://www.mfvostbevern.de/wp-content/uploads/2019/08/P1010686.jpg" class="attachment-thumbnail size-thumbnail" alt="" decoding="async" loading="lazy" /></a>
			</dt></dl><dl class='gallery-item'>
			<dt class='gallery-icon landscape'>
				<a href='https://www.mfvostbevern.de/?attachment_id=1637'><img width="150" height="113" src="https://www.mfvostbevern.de/wp-content/uploads/2019/08/P1010685.jpg" class="attachment-thumbnail size-thumbnail" alt="" decoding="async" loading="lazy" /></a>
			</dt></dl><dl class='gallery-item'>
			<dt class='gallery-icon landscape'>
				<a href='https://www.mfvostbevern.de/?attachment_id=1635'><img width="150" height="113" src="https://www.mfvostbevern.de/wp-content/uploads/2019/08/P1010682.jpg" class="attachment-thumbnail size-thumbnail" alt="" decoding="async" loading="lazy" /></a>
			</dt></dl><br style="clear: both" /><dl class='gallery-item'>
			<dt class='gallery-icon landscape'>
				<a href='https://www.mfvostbevern.de/?attachment_id=1639'><img width="150" height="113" src="https://www.mfvostbevern.de/wp-content/uploads/2019/08/P1010711.jpg" class="attachment-thumbnail size-thumbnail" alt="" decoding="async" loading="lazy" /></a>
			</dt></dl>
			<br style='clear: both' />
		</div>

<p>&nbsp;</p>
<p>&nbsp;</p>

<p>Leider war das Wetter in diesem Jahr nicht wirklich schön. Aber in unsrer Hütte ist es auch gemütlich und geflogen sind wir auch 🙂 &nbsp; &nbsp; &nbsp; &nbsp;</p>
